he units digit of (n/(-3))/((-3)/171)?
9
Let o(d) = 2*d - d + 2*d**2 + 0*d - 1 + 2*d. What is the units digit of o(-3)?
8
Let g(s) = -29*s - 21. What is the hundreds digit of g(-6)?
1
Let s(n) = 2*n**2 + 15*n + 22. Let o(m) = m - 3. Let c be o(-6). What is the tens digit of s(c)?
4
Let n(g) = 3*g - 1. Let y(q) = q**3 - q**2 + q + 2. Let u be y(0). Let d be n(u). Suppose 14 = d*x + t - 42, t + 4 = 0. What is the tens digit of x?
1
Let f be (1*8)/(3 - 1). Suppose 0 = t + f*t + 35. What is the units digit of 26/7 - 2/t?
4
Let s(x) = -x + 3. Let m be s(0). Suppose 4*j + 41 = 4*v - j, 30 = m*v - 3*j. What is the units digit of v?
9
Suppose 0 = -2*g + 6*f - 3*f + 176, g - 4*f = 83. Suppose 0 = -3*i - u + 54, 0*i = 5*i + 2*u - g. Let l = i + -9. What is the units digit of l?
8
Suppose 0 = 4*c + c + 35. What is the units digit of (10 - 9)/((-1)/c)?
7
Suppose 0 = j + 2*j - 33. What is the tens digit of j?
1
Let n(w) = 3 + 6 - 6 + w**2 + 4*w. Suppose k - 2*t = -8, 0 = 3*k - 0*k + t + 10. What is the units digit of n(k)?
3
Let c = 4 + 44. What is the units digit of c?
8
Let n = 12 + -12. Suppose 2*p = -2*p + t + 35, n = 3*t + 9. What is the units digit of p?
8
Suppose -7 = 5*f - 22. Suppose -5*g = -2*g - 12, 5*c = -3*g + 42. Suppose f*z + 4 = 3*u + 1, -4*u + c = -2*z. What is the units digit of u?
2
Let i(r) be the first derivative of -3*r**2/2 - 3*r - 4. What is the units digit of i(-7)?
8
Suppose k = 4*k - 4*g - 82, 0 = -4*k - 3*g + 151. Suppose -k = -2*w + w. What is the tens digit of w?
3
What is the tens digit of (1 + 3)*141/6?
9
Let w be (-20)/9 + 14/63. Suppose -3*g + 7 - 61 = -3*m, g = 0. Let f = m + w. What is the units digit of f?
6
Suppose -3 = 2*u + 3*t + 1, -24 = -4*u + 2*t. Let b be ((-4)/(-6))/((-5)/(-285)). Suppose -u*j - 12 = -j, 3*w = -j + b. What is the tens digit of w?
1
What is the hundreds digit of (2 - 3)*(-518)/2?
2
Let f be -1 + 12/(1 + 2). Suppose -f*a = 2*a - 85. What is the tens digit of (2 - a)*(-3 - -2)?
1
Let s = 100 - 31. What is the units digit of s?
9
Suppose 5*u - 81 - 49 = 0. What is the tens digit of u?
2
Suppose 6 = 2*s, -3*s + 0 - 23 = -p. Let l = p - 16. What is the units digit of l?
6
Suppose 4 = o + o. Suppose -g = -o*g - 7. Let u = g + 22. What is the units digit of u?
5
Let f = 17 - -8. Let w = 8 + f. Suppose -w = -3*n + 3*y, 2*y = -3*n - n + 56. What is the units digit of n?
3
Suppose 165 = -0*x + 5*x. Let t = x + -23. What is the units digit of (t + 2)*2/4?
6
Suppose 0*j = -2*j. Suppose 4*d + 16 = 2*i, -4*d = -d + 15. Let h = j - i. What is the units digit of h?
2
Let z = 15 - -21. Suppose s = 3*s - z. What is the units digit of s?
8
Suppose u - 4*u = -774. What is the tens digit of ((-14)/(-21))/(4/u)?
4
Let b = 22 + -9. What is the units digit of b?
3
Suppose -2*q + 233 = 5*y - 41, 4*y + q - 218 = 0. What is the units digit of y?
4
Let l(x) = -2*x**2 - 3*x**2 - 1 - 4*x**3 - 4 + 3*x + 3*x**3. What is the tens digit of l(-6)?
1
Suppose 764 = 4*k - k - 4*r, 0 = 5*k - 2*r - 1292. Suppose -k = 7*l - 2*l. Let z = -33 - l. What is the tens digit of z?
1
Suppose 8 = 4*s - 16. Let w(x) = -s + 5*x + 3 - 6 - 3*x. What is the units digit of w(9)?
9
Suppose -5*g = -5*z - 125, 5*g - 3*z + 5 = 6*g. What is the units digit of g?
0
Let z(p) = p**3 - p - 10. Let w be z(0). Let u be w/(-55) + 90/(-11). Let g = 24 + u. What is the units digit of g?
6
Let g(f) = 3*f**3 - f**2 - 6*f - 4. Let m(s) = -s**3 + s + 1. Let b(v) = g(v) + 4*m(v). What is the units digit of b(-2)?
8
Suppose m + 22 = 2*a + 141, -5*m + 582 = 3*a. What is the hundreds digit of m?
1
Let w = 10 + -4. Let m be -5 - (-2)/(0 + 1). Let f = w + m. What is the units digit of f?
3
Suppose 5*z + w = 7, -3 = 5*w + 12. What is the units digit of ((5 + -1)*z)/2?
4
Let n be 4/14 + 88/(-14). Let l be (4 + n)*(-86)/(-4). Let t = -29 - l. What is the tens digit of t?
1
Let m be 12/(-7) + 4/(-14). Let p be (-8)/(-3)*81/12. What is the units digit of 14/p + m/(-9)?
1
Suppose -v - 3*v + 40 = 0. What is the tens digit of v?
1
Let k(z) = -z**3 - 11*z**2 - 12*z. Let w = -16 + 6. Let s be k(w). Let d = 33 - s. What is the units digit of d?
3
Suppose -368 - 584 = -8*i. What is the tens digit of i?
1
Let t(q) = -q**2 - 4*q**2 + 5 - 2 + q**3 + 5*q. Let w be ((-3)/(-1))/(12/16). What is the units digit of t(w)?
7
Let z = 2 - 0. Suppose -9 = 4*h - m - 29, z*m = 2*h - 10. What is the units digit of h?
5
What is the tens digit of 151 + -1 + 7/((-7)/(-2))?
5
Let n(m) = -m**3 - m**2 - m + 30. What is the units digit of n(0)?
0
Let k be -1*(-3*14 + 0). Suppose 3*v + 5*q - 47 = k, -4*v - 3*q + 126 = 0. What is the units digit of v?
3
Let k(q) = q**3 + 7*q**2 + 7*q + 8. Let m be k(-6). Suppose 2*x - 3*r - 7 = -m*r, 0 = -3*x - 2*r - 7. What is the units digit of (9 + -2)/(1/x)?
7
What is the tens digit of 1 - ((3 - 1) + -23)?
2
Let n = 3 - 7. What is the units digit of (-21)/n - (-2)/(-8)?
5
Let i(o) = 18*o**2 - o - 1. What is the tens digit of i(-1)?
1
Suppose 0 = 5*s + 2*k - k - 70, -k + 10 = s. Let m = -3 + s. What is the units digit of m?
2
Suppose -3*g + 0*i = i - 497, -i - 665 = -4*g. What is the tens digit of g?
6
Suppose 6*u - 2*u = 20. Suppose 8*v + 130 = u*t + 3*v, -3*t = v - 58. Suppose -5*l - m + 43 = -t, -5*l + m = -56. What is the tens digit of l?
1
What is the units digit of (-159)/(-4) + 1/4?
0
Suppose 5*y + 2*d = 4, -3 + 1 = -2*y - d. Suppose y = l - 6*l. Suppose 4*k - 3*a - 20 = l, k + 2*k + 4*a = 15. What is the units digit of k?
5
Let i(w) be the third derivative of -w**5/60 + 3*w**4/8 - w**3 - 6*w**2. What is the units digit of i(7)?
8
Let o be 1 + 2 + -1 + 2. Suppose 0 = m - 4*n - 50, o*n - 68 = -4*m + 32. What is the units digit of m?
0
Let x(m) = m**3 + 6*m**2 - 4*m. What is the units digit of x(-6)?
4
Suppose -3*s - u + 6*u = -2, -6 = 3*s + 3*u. Let l = 1 - s. What is the units digit of l?
2
Suppose -5*c - 2*i = -i - 11, 5*c - 2*i - 23 = 0. Let x be (-1 - -1)*(-1 - 0). Suppose j - 2*z = c*z + 7, x = 2*z. What is the units digit of j?
7
Let h = 14 - -386. What is the tens digit of h?
0
Suppose 16*w - 1150 + 302 = 0. What is the units digit of w?
3
Suppose 2*p = 45 + 19. What is the tens digit of p?
3
Let m be ((-4)/(-5))/2*5. Suppose -2*k - m*k = c - 11, -2*c + 5*k = 4. What is the units digit of 9 + (-2)/1 - c?
4
Let r(u) be the third derivative of u**5/60 - 5*u**4/24 + u**3/6 - u**2. Let m be r(5). Suppose j - 8 + m = 0. What is the units digit of j?
7
Let w = 98 + -47. What is the tens digit of w?
5
Let k(i) = -i**2 + 11*i + 8. Let d be k(11). What is the units digit of (-4)/d*-20 + -1?
9
Suppose 2*j - 37 = 95. What is the tens digit of j?
6
Let v be (-119)/(-11) - 2/(-11). Suppose -3 = -q + v. Suppose q - 4 = 5*y. What is the units digit of y?
2
Let n(b) be the second derivative of 0*b**2 + 1/20*b**5 - 2/3*b**4 + 0 + 4/3*b**3 - 4*b. What is the units digit of n(7)?
7
Let q(o) be the second derivative of -o**3/3 + 7*o**2/2 + o. Let i be q(8). What is the units digit of (-1 - 0) + (1 - i)?
9
Let b = -102 + 453. What is the units digit of b?
1
Let y(r) = 4*r - 3. Let b be y(8). Suppose 2*t - b = -0*t + 5*f, 0 = -4*t - 2*f + 46. What is the units digit of t*(1 - (-2)/(-4))?
6
Let v(f) = f**2. Let l be v(-4). Suppose 2*z = -2*d + l, 6 = -5*z + 3*z. Let a = d + -6. What is the units digit of a?
5
Suppose -4*l - 2*v = l - 1, 0 = 2*l + v. Let o be (3 + l)/(1 + -2). What is the units digit of 4 - o*(-3)/6?
2
Suppose 3*l = z - l + 7, 5*z - l + 35 = 0. Let n = -4 - z. What is the units digit of n?
3
Let v(g) = g**3 - 4*g**2 + 3. Let i be v(4). Suppose -4*a - 20 = -0*a. Let m = i - a. What is the units digit of m?
8
Let k = 50 + -10. Suppose -5*t = -5*y - k, -2*t - 5*y + 29 = -15. Let c = -7 + t. What is the units digit of c?
5
Let k(w) = w**3 + 7*w**2 + 5*w - 4. Let s be 12/8*(-6 - -2). Let i be k(s). Suppose 6 = z + i*z. What is the units digit of z?
2
Suppose -3*o + 6*s = s - 33, -5*s = 0. Let h = 23 - o. What is the units digit of h?
2
Let t(f) = f**2 + 17*f + 11. What is the units digit of t(8)?
1
Let d(y) = 3*y + 1. Let l(f) = 2*f**3 + 1. Let w be l(-1). Let v be d(w). What is the units digit of (4/(-4))/(v/6)?
3
Suppose -2*o = -0*o + 3*l - 42, 3*o - 82 = 5*l. Let d = 55 - o. What is the units digit of d?
1
Let u be (6/(-4))/(3/(-6)). Suppose 4*h + 4 = 0, 3*h + 9 = -